cond derivative of v**4/12 + v**3 - 48*v**2 - 2711*v. What is y(-13)?
-5
Let r(w) = 10*w**2 + 56*w - 59. Let t(f) = -5*f**2 - 31*f + 32. Let n(l) = 6*r(l) + 11*t(l). Determine n(-1).
8
Suppose 0 = -13*r + 3*h + 30, -77*r + 3*h = -82*r + 24. Let p(i) be the first derivative of -1/4*i**4 + 5/3*i**r + 5*i + 0*i**2 + 35. What is p(5)?
5
Let w(t) = 2*t**2 + 2*t - 9. Let i(o) = -7*o**2 - 10*o + 39. Let q(y) = -2*i(y) - 9*w(y). Calculate q(2).
-9
Let p(h) = h - 2. Suppose b = 2, 6*b - 4*b = -u + 2. Let r(c) = -12*c + 21. Let w(j) = u*r(j) - 21*p(j). Give w(4).
12
Let j(t) = -t**2 + 2*t + 11. Let n(p) = p**2 - 35*p + 46. Let i(v) = -2*j(v) - n(v). Calculate i(-33).
-2
Suppose 2*r + f = -22, -4*r - 2*f - 40 = -f. Let z(d) = 441*d + d**2 + 361*d + 8 - 793*d. Give z(r).
8
Let a = 372 + -370. Let g(m) = 13*m - 10*m - 8*m - m + 2*m**a + 2 - m**2. Let x = 4 + 0. What is g(x)?
-6
Let h(b) = 11*b + 1. Let a = -6238 - -6246. Give h(a).
89
Let z(n) = 4*n - 2. Suppose 3*f - 607 = 728. Let o = f + -451. Determine z(o).
-26
Let y(l) be the second derivative of -5*l**4/12 - 7*l**3/2 - 4*l**2 + 204*l. What is y(-4)?
-4
Let z(g) = -28*g - 1. Let k(a) = 85*a + 4. Let t(n) = -2*k(n) - 7*z(n). Let r(l) = 3*l**2 - 5*l - 67. Let x be r(-4). Calculate t(x).
25
Let h(y) = -y**2 - y. Let j(m) = 2*m**2 + 4*m + 4. Let c(r) = -3*h(r) - j(r). Let k be ((-12)/(-24))/(0 + (-2)/16). Let i = -1 - k. Give c(i).
2
Let k(b) = 19*b**3 - 58*b**3 + 12*b**2 + 13*b**3 - 4*b + 14*b**3 - 11 + 13*b**3. What is k(-12)?
37
Let l(r) = -49*r + 2346 + 17*r - 2337. Give l(1).
-23
Let d(i) = -i**3 + 8*i**2 - 4*i - 11. Let x be d(7). Let v be (25/x)/((-20)/(-24)). Let l(c) = -2*c + 1181 - 3*c**3 + 3*c**2 + c**v - 5*c**2 - 1178. Give l(2).
-25
Let g(o) = o**3 + 6*o**2 + 4*o - 8. Let t(b) = 8*b + 95. Let a be t(-12). Let m be -7 + a + (-6 - -8). Calculate g(m).
-32
Let f(m) = 30*m - 50*m + 3*m**2 + 21*m. Let u be (-2)/(-10) + (-21)/5 + 5. Give f(u).
4
Let s be 1*(4 + -2) - -2. Let w(n) = -1 + 5*n**2 - s*n**2 + n**2 + 2. Suppose 4*g = -2*v + 2, -v - 11*g + 7*g + 5 = 0. Determine w(v).
19
Let i(b) be the first derivative of -b**2/2 + 25*b + 3. Let u = -22324 + 22342. What is i(u)?
7
Suppose 79*f - 89*f + 200 = 0. Let c(h) = 3 - 2 + 9*h - f*h. Calculate c(2).
-21
Let k = -171 + 182. Let d(g) = -9*g - k - 4*g**2 + 19 - 1 + 5*g**2. What is d(8)?
-1
Let h(g) be the first derivative of g**3/3 - 2*g**2 + 5*g - 1. Let c = -2988 + 2990. Calculate h(c).
1
Let g be 10/(-3) - (-10)/(-15). Suppose -41*v + 6 = -40*v. Let d(j) = -3*j + 7*j - 6 - v*j. Determine d(g).
2
Let c(k) = k**3 + k**2 - 4*k + 1. Let t(y) = -y**3 - 8*y**2 - 9*y - 6. Let f be t(-1). Calculate c(f).
-31
Let g(s) = 23*s**3 + 4*s**2 - 4*s - 6. Let k(y) = 22*y**3 + 3*y**2 - 3*y - 5. Let l(t) = 4*g(t) - 5*k(t). Let o(q) = -18964*q + 75857. Let x be o(4). Give l(x).
-17
Let l(f) be the second derivative of f**4/3 - 25*f**3/6 + 29*f**2/2 - 13436*f. Determine l(4).
-7
Let q(w) = -w**3 + 7*w**2 + 3*w + 7. Let k = 3592 + -3585. Calculate q(k).
28
Let y = 5 - 0. Suppose 2*x - 3 = u - 3*x, 2*u - 9 = -y*x. Let w(g) = 2*g**2 - g - 2. What is w(u)?
4
Let y = -9441 - -113293/12. Let f(m) be the second derivative of -31*m + 0 - 4/3*m**3 + y*m**4 + 1/2*m**2. What is f(7)?
-6
Let g(z) = -9*z**2 - 4*z - 8. Let q(x) = 56*x**2 + 26*x + 54. Let f(a) = -38*g(a) - 6*q(a). What is f(-4)?
92
Let d(i) = -i**2 + 3. Let a = 258 - 69. Let j = 192 - a. Calculate d(j).
-6
Let d be (20/(-8))/(1 - 1132/1128). Let s = d + -703. Let o(a) = 3*a**3 - 4*a**2 + 2*a. What is o(s)?
12
Let f = -68 - -73. Suppose 0*l - 4*l - f*b + 33 = 0, -15 = -3*b. Let q(n) = -25*n - 2*n**2 - 1 + 8*n**l + 27*n. What is q(1)?
7
Suppose 0 = -121*m + 120*m + 12. Suppose 3*t = 5*t + m. Let v(b) = -3*b - 4. Give v(t).
14
Suppose 2*u + 18 = -2*j, 4*j = 8*u - 13*u - 41. Let m(b) = 25*b + 126. Calculate m(u).
1
Suppose 49 = 14*j - 7*j. Suppose -j*f - 20 = -2*f - 5*c, c = -4*f - 26. Let u(q) = -q**3 - 7*q**2 - 5*q + 1. What is u(f)?
-5
Let i(w) be the second derivative of -w**5/10 - 32*w**4/3 + 65*w**3/3 - w**2/2 - 63*w - 11. Determine i(-65).
-1
Let p(t) = t**2 + 4*t - 20. Let r(g) = -2*g**3 - 64*g**2 - 81*g - 595. Let w be r(-31). What is p(w)?
-8
Let m(r) = r**2 - 4*r + 3. Let f be m(4). Let j(x) = -2*x + 79. Let n be j(-11). Let q(u) = 2 - 51*u**2 - 51*u**2 + n*u**2 - 2*u. What is q(f)?
-13
Let z(k) = -2*k - 6. Let n(h) = 2*h + 32. Let s(i) = -n(i) - 4*z(i). Determine s(8).
40
Suppose -i + 5*s = 25, 0 = i - 5*i + s - 62. Let f be 4*1*(1 + -5). Let q = f - i. Let p(z) = -12*z. Give p(q).
12
Let a(j) = 5*j - 198 - 199 - 13*j + 424. Give a(6).
-21
Suppose 19*i - 28 = 10. Let k(x) = -1 - 39*x**i + 16*x**2 + 3 - x + 5*x + x**3 + 17*x**2. Calculate k(5).
-3
Suppose 2*t + 384 = 8*t. Suppose t*y + 7 = 71*y. Suppose -5*u = -4*x - y + 14, -5*u + x = 22. Let g(h) = -h**3 - 6*h**2 - 3*h + 6. Calculate g(u).
-4
Let q = -39 - 12. Let i = q - -35. Let w be (-4 - 60/i)*-4. Let z(u) = 8*u. Calculate z(w).
8
Let j(y) = -2*y + 66*y**2 - 13*y**2 - 8 - 6*y**2 - 18*y**2 - 26*y**2. What is j(-3)?
25
Let p be -11 - -1 - 61/(-6). Let y(i) be the second derivative of 7/2*i**2 + 6*i + p*i**3 + 0. Calculate y(-6).
1
Let j(l) be the third derivative of 11*l**7/5040 - l**6/720 + 19*l**5/10 + 28*l**2. Let o(a) be the third derivative of j(a). Calculate o(4).
43
Let o(h) be the third derivative of -h**6/40 - 17*h**5/60 + 3*h**4/8 + 7*h**3/6 + 1276*h**2. Give o(-6).
-11
Let a(o) = o - 3. Suppose 43*d + 5*x - 98 = 47*d, -5*x = 5*d + 55. Calculate a(d).
-20
Let a(p) = p**2 + 7*p + 2. Suppose 0 = -3*m + 3*r - 12, r + 29 = -3*m - 3. What is a(m)?
20
Let y(u) = -19*u - 43. Let b = -10881 + 10875. Determine y(b).
71
Suppose -h - r = 1, 19*h - 23*h = 3*r. Let i(f) = -f**3 + 5*f**2 + 5*f - 22. Determine i(h).
11
Let l(u) be the third derivative of u**5/60 - 7*u**4/24 - 5*u**3/3 + 19*u**2 - 3*u - 38. Determine l(-3).
20
Let o(y) = y**2 - 16*y + 52. Suppose -11 = -4*a - 106*g + 109*g, g - 23 = -4*a. What is o(a)?
-3
Let f(j) = -9219 - 5*j**2 + 44*j + 9163 - 10*j**2 + 17*j**2. Calculate f(-23).
-10
Let l(a) be the second derivative of -5*a**3/2 + 33*a**2/2 - 4*a + 108. Calculate l(6).
-57
Let j(s) = -s - 50. Let i(d) = -2*d - 109. Let w(f) = -3*i(f) + 7*j(f). Determine w(-10).
-13
Suppose -14*k = -4*c - 13*k - 42, 2*c + 3*k + 42 = 0. Let b(f) = -f**2 - 7*f + 6. Determine b(c).
-54
Suppose -4*s + 3*g = -7, -g - 9 = -7*s + 4*s. Let l be 0/(-15) - s/(-1). Let p(n) = 21 - n**3 - 3*n**2 - 20 - 2*n + l*n. Calculate p(-2).
-7
Let f = -96 + 14. Let z = f - -100. Suppose -z*q = -11*q + 7. Let s(k) = 23*k**3 - 2*k**2 - 2*k - 1. Determine s(q).
-24
Let l(c) = c**3 - 8*c**2 + 2. Suppose 0 = -6*u + 250 + 14. Let a = u - 40. Suppose 15 = 3*j + 3*q, -3*j - j + 44 = -a*q. Calculate l(j).
2
Let g(q) = -q + 5. Let n(d) = 1. Let y(z) = -3*z + 45. Let k = 101 + -100. Let x(r) = k*y(r) + 4*n(r). Let s be x(14). Give g(s).
-2
Let o = -927 - -950. Let f(h) = h**2 - 21*h - 2. Determine f(o).
44
Let d(o) = o**2 - 2*o + 4. Let k = -925 + 608. Let b = 321 + k. Determine d(b).
12
Let o(i) be the first derivative of i**4/12 - i**3/2 + 6*i**2 - 6. Let v(z) be the second derivative of o(z). Suppose 4*s + 28 = -0*s. Calculate v(s).
-17
Let g(c) = -c - 3*c**2 + 4*c + 0*c - c**3. Let k(p) = 2*p + 4. Let f be k(19). Let x = f + -40. Calculate g(x).
-14
Suppose q = -3*v + 13 - 3, -3*v - 54 = -3*q. Let w(s) = -s + 23. What is w(q)?
7
Let w(b) = -9*b - 1336 + 662 + 576 - 5*b. Determine w(-8).
14
Let m(o) = -210*o - 479*o + 672*o - 37. Calculate m(-2).
-3
Let o(k) = -k**2 + 116*k + 87. Let x(v) = v**2 - 144*v - 88. Let m(f) = -5*o(f) - 4*x(f). Determine m(-7).
-6
Let m(u) = u**3 - 17*u**2 + 19*u - 13. Let z = 4784 - 4768. Calculate m(z).
35
Let s(a) be the third derivative of a**6/120 - 11*a**5/60 + 7*a**4/8 - a**3/3 - 2*a**2 - 6497. Give s(2).
4
Let o(p) = -p**3 + 6*p + 4. Let j = -3158 - -3156. Calculate o(j).
0
Let k(v) be the first derivative of -v**4/4 + 7*v**3 - 83*v**2/2 + 51*v + 3963. Calculate k(16).
3
Let m = 6 - 1. Let r(u) be the third derivative of -u**4/12 + u**3/2 + 36571*u**2. Determine r(m).
-7
Suppose 24*x + 91 + 77 = 0. Let a(z) = 5*z**3 + 5*z**2 - 5*z - 4. Let n(m) = 17*m**3 + 17*m**2 - 15*m - 12. Let q(g) = x*a(g) + 2*n(g). Calculate q(-3).
7
Suppose -2*x - 3 = 5*n - 